{"id":11456,"date":"2025-03-05T12:01:32","date_gmt":"2025-03-05T10:01:32","guid":{"rendered":"https:\/\/www.previs.ch\/?page_id=11456"},"modified":"2025-03-26T09:37:32","modified_gmt":"2025-03-26T07:37:32","slug":"contact-assurees","status":"publish","type":"page","link":"https:\/\/www.previs.ch\/fr\/contact-assurees\/","title":{"rendered":"Contact Assurees"},"content":{"rendered":"","protected":false},"excerpt":{"rendered":"","protected":false},"author":4,"featured_media":3535,"parent":0,"menu_order":0,"comment_status":"closed","ping_status":"closed","template":"","meta":{"_acf_changed":false,"footnotes":""},"class_list":["post-11456","page","type-page","status-publish","has-post-thumbnail","hentry"],"yoast_head":"<!-- This site is optimized with the Yoast SEO plugin v27.3 - https:\/\/yoast.com\/product\/yoast-seo-wordpress\/ -->\n<title>Contact | Previs Pr\u00e9voyance<\/title>\n<meta name=\"description\" content=\"Vous avez des questions ? Contactez-nous par t\u00e9l\u00e9phone ou par e-mail. Notre \u00e9quipe est l\u00e0 pour vous aider.\" \/>\n<meta name=\"robots\" content=\"index, follow, max-snippet:-1, max-image-preview:large, max-video-preview:-1\" \/>\n<link rel=\"canonical\" href=\"https:\/\/www.previs.ch\/fr\/contact-assurees\/\" \/>\n<meta property=\"og:locale\" content=\"fr_FR\" \/>\n<meta property=\"og:type\" content=\"article\" \/>\n<meta property=\"og:title\" content=\"Contact | Previs Pr\u00e9voyance\" \/>\n<meta property=\"og:description\" content=\"Vous avez des questions ? Contactez-nous par t\u00e9l\u00e9phone ou par e-mail. Notre \u00e9quipe est l\u00e0 pour vous aider.\" \/>\n<meta property=\"og:url\" content=\"https:\/\/www.previs.ch\/fr\/contact-assurees\/\" \/>\n<meta property=\"og:site_name\" content=\"Previs Vorsorge\" \/>\n<meta property=\"article:modified_time\" content=\"2025-03-26T07:37:32+00:00\" \/>\n<meta property=\"og:image\" content=\"https:\/\/www.previs.ch\/wp-content\/uploads\/2024\/09\/placeholder-herz.png\" \/>\n\t<meta property=\"og:image:width\" content=\"784\" \/>\n\t<meta property=\"og:image:height\" content=\"522\" \/>\n\t<meta property=\"og:image:type\" content=\"image\/png\" \/>\n<meta name=\"twitter:card\" content=\"summary_large_image\" \/>\n<meta name=\"twitter:label1\" content=\"Dur\u00e9e de lecture estim\u00e9e\" \/>\n\t<meta name=\"twitter:data1\" content=\"1 minute\" \/>\n<script type=\"application\/ld+json\" class=\"yoast-schema-graph\">{\"@context\":\"https:\\\/\\\/schema.org\",\"@graph\":[{\"@type\":\"WebPage\",\"@id\":\"https:\\\/\\\/www.previs.ch\\\/fr\\\/contact-assurees\\\/\",\"url\":\"https:\\\/\\\/www.previs.ch\\\/fr\\\/contact-assurees\\\/\",\"name\":\"Contact | Previs Pr\u00e9voyance\",\"isPartOf\":{\"@id\":\"https:\\\/\\\/www.previs.ch\\\/fr\\\/#website\"},\"primaryImageOfPage\":{\"@id\":\"https:\\\/\\\/www.previs.ch\\\/fr\\\/contact-assurees\\\/#primaryimage\"},\"image\":{\"@id\":\"https:\\\/\\\/www.previs.ch\\\/fr\\\/contact-assurees\\\/#primaryimage\"},\"thumbnailUrl\":\"https:\\\/\\\/www.previs.ch\\\/wp-content\\\/uploads\\\/2024\\\/09\\\/placeholder-herz.png\",\"datePublished\":\"2025-03-05T10:01:32+00:00\",\"dateModified\":\"2025-03-26T07:37:32+00:00\",\"description\":\"Vous avez des questions ? Contactez-nous par t\u00e9l\u00e9phone ou par e-mail. Notre \u00e9quipe est l\u00e0 pour vous aider.\",\"breadcrumb\":{\"@id\":\"https:\\\/\\\/www.previs.ch\\\/fr\\\/contact-assurees\\\/#breadcrumb\"},\"inLanguage\":\"fr-FR\",\"potentialAction\":[{\"@type\":\"ReadAction\",\"target\":[\"https:\\\/\\\/www.previs.ch\\\/fr\\\/contact-assurees\\\/\"]}]},{\"@type\":\"ImageObject\",\"inLanguage\":\"fr-FR\",\"@id\":\"https:\\\/\\\/www.previs.ch\\\/fr\\\/contact-assurees\\\/#primaryimage\",\"url\":\"https:\\\/\\\/www.previs.ch\\\/wp-content\\\/uploads\\\/2024\\\/09\\\/placeholder-herz.png\",\"contentUrl\":\"https:\\\/\\\/www.previs.ch\\\/wp-content\\\/uploads\\\/2024\\\/09\\\/placeholder-herz.png\",\"width\":784,\"height\":522,\"caption\":\"Espace r\u00e9serv\u00e9 c\u0153ur\"},{\"@type\":\"BreadcrumbList\",\"@id\":\"https:\\\/\\\/www.previs.ch\\\/fr\\\/contact-assurees\\\/#breadcrumb\",\"itemListElement\":[{\"@type\":\"ListItem\",\"position\":1,\"name\":\"Home\",\"item\":\"https:\\\/\\\/www.previs.ch\\\/fr\\\/\"},{\"@type\":\"ListItem\",\"position\":2,\"name\":\"Contact Assurees\"}]},{\"@type\":\"WebSite\",\"@id\":\"https:\\\/\\\/www.previs.ch\\\/fr\\\/#website\",\"url\":\"https:\\\/\\\/www.previs.ch\\\/fr\\\/\",\"name\":\"Previs Vorsorge\",\"description\":\"Quand la transparence est source de confiance\",\"publisher\":{\"@id\":\"https:\\\/\\\/www.previs.ch\\\/fr\\\/#organization\"},\"alternateName\":\"Previs\",\"potentialAction\":[{\"@type\":\"SearchAction\",\"target\":{\"@type\":\"EntryPoint\",\"urlTemplate\":\"https:\\\/\\\/www.previs.ch\\\/fr\\\/?s={search_term_string}\"},\"query-input\":{\"@type\":\"PropertyValueSpecification\",\"valueRequired\":true,\"valueName\":\"search_term_string\"}}],\"inLanguage\":\"fr-FR\"},{\"@type\":\"Organization\",\"@id\":\"https:\\\/\\\/www.previs.ch\\\/fr\\\/#organization\",\"name\":\"Previs Vorsorge\",\"alternateName\":\"Previs\",\"url\":\"https:\\\/\\\/www.previs.ch\\\/fr\\\/\",\"logo\":{\"@type\":\"ImageObject\",\"inLanguage\":\"fr-FR\",\"@id\":\"https:\\\/\\\/www.previs.ch\\\/fr\\\/#\\\/schema\\\/logo\\\/image\\\/\",\"url\":\"https:\\\/\\\/www.previs.ch\\\/wp-content\\\/uploads\\\/2024\\\/07\\\/cropped-previs-vorsorge-favicon.png\",\"contentUrl\":\"https:\\\/\\\/www.previs.ch\\\/wp-content\\\/uploads\\\/2024\\\/07\\\/cropped-previs-vorsorge-favicon.png\",\"width\":512,\"height\":512,\"caption\":\"Previs Vorsorge\"},\"image\":{\"@id\":\"https:\\\/\\\/www.previs.ch\\\/fr\\\/#\\\/schema\\\/logo\\\/image\\\/\"},\"sameAs\":[\"https:\\\/\\\/www.linkedin.com\\\/company\\\/previsvorsorge\\\/\"]}]}<\/script>\n<!-- \/ Yoast SEO plugin. -->","yoast_head_json":{"title":"Contact | Previs Pr\u00e9voyance","description":"Vous avez des questions ? Contactez-nous par t\u00e9l\u00e9phone ou par e-mail. Notre \u00e9quipe est l\u00e0 pour vous aider.","robots":{"index":"index","follow":"follow","max-snippet":"max-snippet:-1","max-image-preview":"max-image-preview:large","max-video-preview":"max-video-preview:-1"},"canonical":"https:\/\/www.previs.ch\/fr\/contact-assurees\/","og_locale":"fr_FR","og_type":"article","og_title":"Contact | Previs Pr\u00e9voyance","og_description":"Vous avez des questions ? Contactez-nous par t\u00e9l\u00e9phone ou par e-mail. Notre \u00e9quipe est l\u00e0 pour vous aider.","og_url":"https:\/\/www.previs.ch\/fr\/contact-assurees\/","og_site_name":"Previs Vorsorge","article_modified_time":"2025-03-26T07:37:32+00:00","og_image":[{"width":784,"height":522,"url":"https:\/\/www.previs.ch\/wp-content\/uploads\/2024\/09\/placeholder-herz.png","type":"image\/png"}],"twitter_card":"summary_large_image","twitter_misc":{"Dur\u00e9e de lecture estim\u00e9e":"1 minute"},"schema":{"@context":"https:\/\/schema.org","@graph":[{"@type":"WebPage","@id":"https:\/\/www.previs.ch\/fr\/contact-assurees\/","url":"https:\/\/www.previs.ch\/fr\/contact-assurees\/","name":"Contact | Previs Pr\u00e9voyance","isPartOf":{"@id":"https:\/\/www.previs.ch\/fr\/#website"},"primaryImageOfPage":{"@id":"https:\/\/www.previs.ch\/fr\/contact-assurees\/#primaryimage"},"image":{"@id":"https:\/\/www.previs.ch\/fr\/contact-assurees\/#primaryimage"},"thumbnailUrl":"https:\/\/www.previs.ch\/wp-content\/uploads\/2024\/09\/placeholder-herz.png","datePublished":"2025-03-05T10:01:32+00:00","dateModified":"2025-03-26T07:37:32+00:00","description":"Vous avez des questions ? Contactez-nous par t\u00e9l\u00e9phone ou par e-mail. Notre \u00e9quipe est l\u00e0 pour vous aider.","breadcrumb":{"@id":"https:\/\/www.previs.ch\/fr\/contact-assurees\/#breadcrumb"},"inLanguage":"fr-FR","potentialAction":[{"@type":"ReadAction","target":["https:\/\/www.previs.ch\/fr\/contact-assurees\/"]}]},{"@type":"ImageObject","inLanguage":"fr-FR","@id":"https:\/\/www.previs.ch\/fr\/contact-assurees\/#primaryimage","url":"https:\/\/www.previs.ch\/wp-content\/uploads\/2024\/09\/placeholder-herz.png","contentUrl":"https:\/\/www.previs.ch\/wp-content\/uploads\/2024\/09\/placeholder-herz.png","width":784,"height":522,"caption":"Espace r\u00e9serv\u00e9 c\u0153ur"},{"@type":"BreadcrumbList","@id":"https:\/\/www.previs.ch\/fr\/contact-assurees\/#breadcrumb","itemListElement":[{"@type":"ListItem","position":1,"name":"Home","item":"https:\/\/www.previs.ch\/fr\/"},{"@type":"ListItem","position":2,"name":"Contact Assurees"}]},{"@type":"WebSite","@id":"https:\/\/www.previs.ch\/fr\/#website","url":"https:\/\/www.previs.ch\/fr\/","name":"Previs Vorsorge","description":"Quand la transparence est source de confiance","publisher":{"@id":"https:\/\/www.previs.ch\/fr\/#organization"},"alternateName":"Previs","potentialAction":[{"@type":"SearchAction","target":{"@type":"EntryPoint","urlTemplate":"https:\/\/www.previs.ch\/fr\/?s={search_term_string}"},"query-input":{"@type":"PropertyValueSpecification","valueRequired":true,"valueName":"search_term_string"}}],"inLanguage":"fr-FR"},{"@type":"Organization","@id":"https:\/\/www.previs.ch\/fr\/#organization","name":"Previs Vorsorge","alternateName":"Previs","url":"https:\/\/www.previs.ch\/fr\/","logo":{"@type":"ImageObject","inLanguage":"fr-FR","@id":"https:\/\/www.previs.ch\/fr\/#\/schema\/logo\/image\/","url":"https:\/\/www.previs.ch\/wp-content\/uploads\/2024\/07\/cropped-previs-vorsorge-favicon.png","contentUrl":"https:\/\/www.previs.ch\/wp-content\/uploads\/2024\/07\/cropped-previs-vorsorge-favicon.png","width":512,"height":512,"caption":"Previs Vorsorge"},"image":{"@id":"https:\/\/www.previs.ch\/fr\/#\/schema\/logo\/image\/"},"sameAs":["https:\/\/www.linkedin.com\/company\/previsvorsorge\/"]}]}},"acf":{"page_banner_options":{"banner_type":"simple"},"hero_options":{"image_desktop":null,"image_tablet":null,"image_mobile":null,"hero_title":"","hero_style":"hero-light","hero_bg_anchor":"center","brand_icon":"noicon"},"slider_options":{"options":{"bgcolor":"","slider_style":"slider-light","brand_icon":"noicon","autoplay":false,"timeout":5000,"pause":false},"slider":null},"image_options":{"options":{"bgcolor":"","flip":false},"details":{"title":"","description":"","buttons":null},"image":null},"simple_options":{"title":"Contact","title_type":"h1","color_title":"","bgcolor":"#fef1dc","description":"<div class=\"ewa-rteLine\">\r\n<div class=\"ewa-rteLine\">\r\n\r\nPrevis Pr\u00e9voyance, Br\u00fcckfeldstrasse 16, Postfach, 3001 Bern\r\n<div class=\"ewa-rteLine\"><strong>Heures d\u2019ouverture<\/strong><\/div>\r\n<div class=\"ewa-rteLine\">Du lundi au jeudi: 8h00\u201312h00 | 13h30\u201317h00<\/div>\r\n<div class=\"ewa-rteLine\">Vendredi: 8h00\u201312h00 | 13h30\u201316h00<\/div>\r\n<\/div>\r\n<\/div>"},"sections":[{"acf_fc_layout":"section-contact","status":false,"section_id":"","bgsection":"","padding":"top","contact_style":"form","group":null,"title":"Formulaire de contact","title_type":"h2","text":"Adressez-nous vos demandes, nous y r\u00e9pondrons volontiers.","left":{"form_type":"formidable","form_id":"18"},"right":{"cards":[{"icon":"Phone","title":"031 963 03 00","text":"Vous pouvez nous joindre par t\u00e9l\u00e9phone durant les heures d\u2019ouverture.","link_text":"Appeler maintenant","link_type":"external","link":null,"anchor":"","url":"tel:+41319630300"},{"icon":"User-Circle-Single","title":"Online-Portale","text":"Effectuez toutes les op\u00e9rations li\u00e9es \u00e0 la pr\u00e9voyance professionnelle en ligne.","link_text":"Se connecter","link_type":"internal","link":4827,"anchor":"","url":"https:\/\/www.previs.ch\/vorsorge\/login-portale-bis-2024\/"}]},"cards":null}]},"publishpress_future_action":{"enabled":false,"date":"2026-05-08 17:36:30","action":"change-status","newStatus":"draft","terms":[],"taxonomy":"translation_priority","extraData":[]},"publishpress_future_workflow_manual_trigger":{"enabledWorkflows":[]},"_links":{"self":[{"href":"https:\/\/www.previs.ch\/fr\/api\/wp\/v2\/pages\/11456","targetHints":{"allow":["GET"]}}],"collection":[{"href":"https:\/\/www.previs.ch\/fr\/api\/wp\/v2\/pages"}],"about":[{"href":"https:\/\/www.previs.ch\/fr\/api\/wp\/v2\/types\/page"}],"author":[{"embeddable":true,"href":"https:\/\/www.previs.ch\/fr\/api\/wp\/v2\/users\/4"}],"replies":[{"embeddable":true,"href":"https:\/\/www.previs.ch\/fr\/api\/wp\/v2\/comments?post=11456"}],"version-history":[{"count":3,"href":"https:\/\/www.previs.ch\/fr\/api\/wp\/v2\/pages\/11456\/revisions"}],"predecessor-version":[{"id":11758,"href":"https:\/\/www.previs.ch\/fr\/api\/wp\/v2\/pages\/11456\/revisions\/11758"}],"wp:featuredmedia":[{"embeddable":true,"href":"https:\/\/www.previs.ch\/fr\/api\/wp\/v2\/media\/3535"}],"wp:attachment":[{"href":"https:\/\/www.previs.ch\/fr\/api\/wp\/v2\/media?parent=11456"}],"curies":[{"name":"wp","href":"https:\/\/api.w.org\/{rel}","templated":true}]}}

<!-- This site is optimized with the Yoast SEO plugin v27.3 - https://yoast.com/product/yoast-seo-wordpress/ -->
<title>Contact | Previs Prévoyance</title>
<meta name="description" content="Vous avez des questions ? Contactez-nous par téléphone ou par e-mail. Notre équipe est là pour vous aider." />
<meta name="robots" content="index, follow, max-snippet:-1, max-image-preview:large, max-video-preview:-1" />
<link rel="canonical" href="https://www.previs.ch/fr/contact-assurees/" />
<meta property="og:locale" content="fr_FR" />
<meta property="og:type" content="article" />
<meta property="og:title" content="Contact | Previs Prévoyance" />
<meta property="og:description" content="Vous avez des questions ? Contactez-nous par téléphone ou par e-mail. Notre équipe est là pour vous aider." />
<meta property="og:url" content="https://www.previs.ch/fr/contact-assurees/" />
<meta property="og:site_name" content="Previs Vorsorge" />
<meta property="article:modified_time" content="2025-03-26T07:37:32+00:00" />
<meta property="og:image" content="https://www.previs.ch/wp-content/uploads/2024/09/placeholder-herz.png" />
	<meta property="og:image:width" content="784" />
	<meta property="og:image:height" content="522" />
	<meta property="og:image:type" content="image/png" />
<meta name="twitter:card" content="summary_large_image" />
<meta name="twitter:label1" content="Durée de lecture estimée" />
	<meta name="twitter:data1" content="1 minute" />
<script type="application/ld+json" class="yoast-schema-graph">{"@context":"https:\/\/schema.org","@graph":[{"@type":"WebPage","@id":"https:\/\/www.previs.ch\/fr\/contact-assurees\/","url":"https:\/\/www.previs.ch\/fr\/contact-assurees\/","name":"Contact | Previs Prévoyance","isPartOf":{"@id":"https:\/\/www.previs.ch\/fr\/#website"},"primaryImageOfPage":{"@id":"https:\/\/www.previs.ch\/fr\/contact-assurees\/#primaryimage"},"image":{"@id":"https:\/\/www.previs.ch\/fr\/contact-assurees\/#primaryimage"},"thumbnailUrl":"https:\/\/www.previs.ch\/wp-content\/uploads\/2024\/09\/placeholder-herz.png","datePublished":"2025-03-05T10:01:32+00:00","dateModified":"2025-03-26T07:37:32+00:00","description":"Vous avez des questions ? Contactez-nous par téléphone ou par e-mail. Notre équipe est là pour vous aider.","breadcrumb":{"@id":"https:\/\/www.previs.ch\/fr\/contact-assurees\/#breadcrumb"},"inLanguage":"fr-FR","potentialAction":[{"@type":"ReadAction","target":["https:\/\/www.previs.ch\/fr\/contact-assurees\/"]}]},{"@type":"ImageObject","inLanguage":"fr-FR","@id":"https:\/\/www.previs.ch\/fr\/contact-assurees\/#primaryimage","url":"https:\/\/www.previs.ch\/wp-content\/uploads\/2024\/09\/placeholder-herz.png","contentUrl":"https:\/\/www.previs.ch\/wp-content\/uploads\/2024\/09\/placeholder-herz.png","width":784,"height":522,"caption":"Espace réservé cœur"},{"@type":"BreadcrumbList","@id":"https:\/\/www.previs.ch\/fr\/contact-assurees\/#breadcrumb","itemListElement":[{"@type":"ListItem","position":1,"name":"Home","item":"https:\/\/www.previs.ch\/fr\/"},{"@type":"ListItem","position":2,"name":"Contact Assurees"}]},{"@type":"WebSite","@id":"https:\/\/www.previs.ch\/fr\/#website","url":"https:\/\/www.previs.ch\/fr\/","name":"Previs Vorsorge","description":"Quand la transparence est source de confiance","publisher":{"@id":"https:\/\/www.previs.ch\/fr\/#organization"},"alternateName":"Previs","potentialAction":[{"@type":"SearchAction","target":{"@type":"EntryPoint","urlTemplate":"https:\/\/www.previs.ch\/fr\/?s={search_term_string}"},"query-input":{"@type":"PropertyValueSpecification","valueRequired":true,"valueName":"search_term_string"}}],"inLanguage":"fr-FR"},{"@type":"Organization","@id":"https:\/\/www.previs.ch\/fr\/#organization","name":"Previs Vorsorge","alternateName":"Previs","url":"https:\/\/www.previs.ch\/fr\/","logo":{"@type":"ImageObject","inLanguage":"fr-FR","@id":"https:\/\/www.previs.ch\/fr\/#\/schema\/logo\/image\/","url":"https:\/\/www.previs.ch\/wp-content\/uploads\/2024\/07\/cropped-previs-vorsorge-favicon.png","contentUrl":"https:\/\/www.previs.ch\/wp-content\/uploads\/2024\/07\/cropped-previs-vorsorge-favicon.png","width":512,"height":512,"caption":"Previs Vorsorge"},"image":{"@id":"https:\/\/www.previs.ch\/fr\/#\/schema\/logo\/image\/"},"sameAs":["https:\/\/www.linkedin.com\/company\/previsvorsorge\/"]}]}</script>
<!-- / Yoast SEO plugin. -->

Contact | Previs Prévoyance

Vous avez des questions ? Contactez-nous par téléphone ou par e-mail. Notre équipe est là pour vous aider.

Espace réservé cœur

<div class="ewa-rteLine">
<div class="ewa-rteLine">

Previs Prévoyance, Brückfeldstrasse 16, Postfach, 3001 Bern
<div class="ewa-rteLine"><strong>Heures d’ouverture</strong></div>
<div class="ewa-rteLine">Du lundi au jeudi: 8h00–12h00 | 13h30–17h00</div>
<div class="ewa-rteLine">Vendredi: 8h00–12h00 | 13h30–16h00</div>
</div>
</div>

Adressez-nous vos demandes, nous y répondrons volontiers.

Vous pouvez nous joindre par téléphone durant les heures d’ouverture.

Effectuez toutes les opérations liées à la prévoyance professionnelle en ligne.
